z - 52. List the prime factors of a(k).
3, 47
Let u = -66 - -68. Suppose u*x + 7 = 3*q, -5*x + 5*q - 2 = 8. Let d(j) = 123*j**3 - j**2 + 2*j - 1. What are the prime factors of d(x)?
3, 41
Suppose -5*w = -2*o - 9976, -66*w = -68*w - 3*o + 3979. Let b = w - 1395. List the prime factors of b.
599
Suppose 3*c + 18 = 4*l, -c + 4*c - 30 = -4*l. Suppose 0 = l*y + 38 + 4. Let v(u) = -18*u - 47. List the prime factors of v(y).
79
Suppose -4*q - 4*v - 171 + 63 = 0, -5*q - 126 = -4*v. Suppose -3*x - 74 = 79. Let i = q - x. List the prime factors of i.
5
Suppose 239 - 23 = 3*b. Suppose -b*n + 68*n = 804. Let r = n - -287. What are the prime factors of r?
2, 43
Suppose 1903696 - 7535050 = -193*m. What are the prime factors of m?
2, 3, 1621
Suppose 5*a = 3*a + 710. Let k = a + 725. Suppose -k = -4*c - 11*c. What are the prime factors of c?
2, 3
Let g = 224 + -154. Let b = 249 - g. List the prime factors of b.
179
Let l = 114 - 63. Let g = -21 + 19. Let j = g + l. List the prime factors of j.
7
Let t = -96 + 102. List the prime factors of (t + -5)*519 - -7.
2, 263
Let w(b) = -454*b - 1409. What are the prime factors of w(-6)?
5, 263
Let w be (-9)/21 + (-304)/(-56). What are the prime factors of (w - (-496)/(-6))/((-3)/27)?
3, 233
Suppose -9*t + 19*t = 290960. What are the prime factors of (t/10)/4 + 6/(-15)?
727
Suppose -36 = -5*d + s - 299, -2*d = 2*s + 110. Suppose -164 = 28*o - 5222 - 1354. Let r = d + o. List the prime factors of r.
2, 11
Let g(h) = -4*h**3 + 5*h**2 - 43*h - 4. List the prime factors of g(-9).
2, 463
Let h(y) = 6*y**3 - 5*y**2 - 3*y + 7. Let x(z) = z**3 + z - 1. Let r(a) = h(a) - 4*x(a). Suppose 33*j - 34*j + 5 = 0. List the prime factors of r(j).
101
Suppose 0 = -w + 6*w - 3*y - 61, 0 = 4*y + 8. Suppose -5*u = 5, -12*v + 235 = -w*v + u. What are the prime factors of v?
2, 59
List the prime factors of 2*404170/(-52)*((-1)/5)/1.
3109
Let h = -33 + 36. Let x(a) = 2*a**2 - 5. Let c be x(h). Suppose -4*p + j + 52 = 0, 0 - c = -p + 4*j. What are the prime factors of p?
13
Let z(c) be the first derivative of 865*c**3/3 - 2*c - 145. List the prime factors of z(1).
863
List the prime factors of (-2)/(6*((-12)/(-4))/(-365814)).
2, 20323
Suppose 0 = -8*g - 36 + 60. Suppose -2*v + 80 = -4*k, 2*v + 4*k - 50 - 22 = 0. Suppose -v = -s + g*f, -f - 4*f = -20. What are the prime factors of s?
2, 5
Let h(j) = -j**2 - 3*j + 762. Let g be h(0). Suppose -190 = -y - 3*n + 4*n, g = 4*y - 3*n. What are the prime factors of y?
2, 3
Suppose -47004*q + 5831 = -46997*q. What are the prime factors of q?
7, 17
Suppose 2*t - 3*p = 13869, -3*t - 4182 = 4*p - 24994. List the prime factors of t.
2, 3, 17
Let w = 694 - 694. Let h(u) = u**2 - u + 1225. List the prime factors of h(w).
5, 7
Suppose -11*w = -8*w + 15. Let x be 3 - (w/(-10) - (-1)/2). Suppose -242 = -3*u + 4*o - 87, o + 110 = x*u. What are the prime factors of u?
3, 19
Suppose -2*k + 8049 = 5*s - 8*s, -s + k - 2682 = 0. Let l = s - -4072. List the prime factors of l.
19, 73
Suppose -116 = -5*y + u + u, -2*y - 5*u + 29 = 0. Let r = 294 + -148. Suppose -2*j - y = -r. List the prime factors of j.
2, 31
Let k(i) = i**2 + i - 6. Let d be k(-3). Suppose -n - 22 = -5*n + w, 2*n + 4*w - 2 = d. Suppose -n*a - 2*a + 917 = 0. List the prime factors of a.
131
Suppose 5*v = 47 + 323. Let y = v - 5. Suppose -2*h = -7*h + u + y, -h + 15 = u. List the prime factors of h.
2, 7
Suppose 20*j = 14*j + 4494. Let l = j - 424. List the prime factors of l.
5, 13
Let f = -35 + 43. Suppose -37 = f*x - 261. Suppose x = 2*y + 2*q - 8, 4*y = 5*q + 54. What are the prime factors of y?
2
Let t = 139 - 127. Suppose -16*o + t*o + 1084 = 0. List the prime factors of o.
271
Suppose 55*z = 51*z - 52. Suppose -4 = -0*f + 2*f, -f - 44 = 2*o. Let y = z - o. What are the prime factors of y?
2
Suppose 18*w - 485 = -16*w - 3443. Let k be (-1)/(4/(-558))*-2. Let m = w - k. What are the prime factors of m?
2, 3
Let c(m) = 174*m + 19227. What are the prime factors of c(150)?
3, 29, 521
Suppose -719 = 4*k - 4019. Let m = -436 + k. List the prime factors of m.
389
Suppose -2329 = -5*x + 10*x - 5969. What are the prime factors of x?
2, 7, 13
Let h(r) = -r**2 + 8*r + 4. Let d be h(8). Suppose -414 = -2*x + 4*q, 3*x - 3*q - 630 = -0*q. Suppose -7*c + x = -d*c. What are the prime factors of c?
71
Let k = 21945 + -25. List the prime factors of k.
2, 5, 137
Let z(x) = -36*x - 68. Let f be z(-2). Suppose 5580 = 4*s - 0*s + 2*w, 0 = -5*s + f*w + 6962. What are the prime factors of s?
2, 17, 41
Let z be 88 - ((-14)/10 + (-21)/35). Let n = 74 - z. What are the prime factors of ((-56)/n)/(0 + (-2)/(-16))?
2, 7
Let w(j) = -j**3 + 5*j**2. Let r be w(5). Suppose r = 5*v - 237 - 253. List the prime factors of v.
2, 7
Let s(l) = -4*l + 98. Let i be s(22). What are the prime factors of 586*(-2 - (-35)/i)?
3, 293
Let x = 21 + -16. Suppose 3*g = d - 847, -g + 6341 = x*d + 2058. List the prime factors of d.
2, 107
Let y(t) = t + 0*t**3 + 5*t**2 + 6*t**3 - 5*t**3 + 4*t + 4. Let q be y(-4). Suppose q*w + 51 = 3*w. What are the prime factors of w?
17
Let f(m) = -m**3 + 3*m**2 + 3. Let w be f(3). Let g(l) = 3*l**3 - 11*l**2 + 9*l - 9. Let d be g(3). Suppose -w*s + 29 + 199 = d. List the prime factors of s.
2, 19
Suppose 0 = 2*s - 2 + 4, 0 = 4*n - s - 17. Let o(k) = 113*k + 33. What are the prime factors of o(n)?
5, 97
Suppose -21635 = -5*q + 5*m, -4*m + 7368 = 4*q - 9972. What are the prime factors of q?
61, 71
Let q(f) = 7*f - 24*f + 38*f**2 - f - 23*f**2 - 40 - 12*f**2. What are the prime factors of q(25)?
5, 277
Let a be 7904 + 9/(-6) + 6/12. Suppose -a = -15*p + 2927. What are the prime factors of p?
2, 19
What are the prime factors of 7 + -22749*(-12)/((-360)/(-50))?
2, 67, 283
Let k(d) = 1052*d + 6642. What are the prime factors of k(31)?
2, 19, 1033
Let n = 61278 + -13628. What are the prime factors of n?
2, 5, 953
Suppose -2*i - 18*i = 3*i. Suppose -w + 63 + 54 = i. What are the prime factors of w?
3, 13
Let p = 223 - 220. Suppose -1788 = -p*l + 144. List the prime factors of l.
2, 7, 23
Let i be (-2)/4 + 3/(-6). List the prime factors of 3 - (-852 - (i - 0) - 0).
2, 7, 61
Let x = 42 - 42. Suppose x = -y - 3*p + 70, 3*p - 304 - 21 = -4*y. Let n = y - 49. List the prime factors of n.
2, 3
Suppose 4*i = z + 5 - 1, 3*i - 5*z + 14 = 0. Suppose -3*y = -i*m + 63, 0 = -2*m - 2*m - 2*y + 166. What are the prime factors of m?
3, 13
Let w = 207 - 205. List the prime factors of w/3 + (4 - (-10456)/12).
2, 3, 73
Suppose -3*v - 2*z + 1105 = -z, 0 = -2*z + 2. Suppose 3*l + 551 = 3*u + 29, 2*l - v = -2*u. List the prime factors of u.
179
List the prime factors of (5 + 19234*-2)*16/(-48).
12821
Suppose 271*d - 244992 = 246*d - 74267. What are the prime factors of d?
6829
Let w = 56477 - 38921. List the prime factors of w.
2, 3, 7, 11, 19
Suppose -4*c = c - 20, 4*o - 36 = -3*c. Let u(n) = 2*n + 7. Let s be u(o). Let f = s + -10. List the prime factors of f.
3
What are the prime factors of 3*(-2)/18 + (-244884)/(-36)?
2, 19, 179
Let q be (-2)/(1 + (-6)/2). Let t be 56/q + (-29 - -25). List the prime factors of 11*(528/t - (-4)/(-26)).
2, 5, 11
Let r(g) = -g**3 + 9*g**2 - 11*g - 5. Suppose -56 + 11 = -9*i. Let f be r(i). Suppose -9*w + 41 = -5*w + o, f = 5*w + 5*o. What are the prime factors of w?
11
Let t(s) = s**3 + 13*s**2 + 29*s + 22. Let b be t(-11). List the prime factors of (b + -1)*(-16)/2.
2, 7
Let a = 78 + -76. Suppose a*r = 193 - 77. Let m = r + -36. List the prime factors of m.
2, 11
Let b(x) = 10*x**2 + 13*x + 23. Let i be b(-2). Suppose -i*c + 33*c + 2641 = 5*z, -z + 2637 = 4*c. List the prime factors of c.
659
Let z = -22612 - -34636. List the prime factors of z.
2, 3, 167
Let u = -38 + -386. Let m = u - -654. List the prime factors of m.
2, 5, 23
Let p be (9 - 6)/(2/2). Let z(n) = -2*n**3 - 18*n**2 + 22 - 106*n + 129*n + p*n**3. List the prime factors of z(17).
2, 31
Suppose 0 = -0*k + 4*k + 3*u - 124, -2*k - 4*u = -62. Let s = k + -26. Suppose y + 775 = s*t, 5*t + 0*y + y = 785. List the prime factors of t.
2, 3, 13
Suppose -5*g + 127743 = -4*x, -5*g + 31936 = 4*x - 95791. What are the prime factors of g?
59, 433
Let k(w) = w**3 + 28*w**2 + 40*w - 29. Let b be k(-23). Let a = b + -706. List the prime factors of a.
2, 3, 5, 11
Let b = -90 + 96. Suppose 3809 = b*v + 1565